rue
Is 9235 prime?
False
Is 128489 composite?
False
Is 750759 a prime number?
False
Is 339557 prime?
True
Is 1739 prime?
False
Is 5217133 prime?
True
Is 19373 prime?
True
Is 423959 prime?
False
Is 378809 prime?
True
Is 135193 prime?
True
Is 61763 a composite number?
True
Is 7255 composite?
True
Is 1182369 a composite number?
True
Is 116993 a prime number?
True
Is 21929 composite?
False
Is 10183 a composite number?
True
Is 79685 a composite number?
True
Is 325901 composite?
False
Is 78289 prime?
False
Is 23423 composite?
True
Is 56549 prime?
False
Is 469093 a composite number?
True
Is 1252639 prime?
True
Is 8249 prime?
False
Is 30333 a prime number?
False
Is 9107 composite?
True
Is 242551 prime?
True
Is 2301267 prime?
False
Is 476081 prime?
True
Is 25001 composite?
True
Is 225867 a prime number?
False
Is 54907 composite?
False
Is 852337 a prime number?
False
Is 498079 a prime number?
False
Is 8083 a composite number?
True
Is 236827 prime?
False
Is 384019 prime?
False
Is 5381 composite?
False
Is 15299 prime?
True
Is 190727 prime?
False
Is 3187 a composite number?
False
Is 9781 a composite number?
False
Is 5937 a prime number?
False
Is 11183 composite?
True
Is 1958761 prime?
False
Is 6247 a prime number?
True
Is 17659 a prime number?
True
Is 139571 a prime number?
True
Is 30883 prime?
False
Is 170977 composite?
True
Is 56149 a composite number?
False
Is 696283 composite?
True
Is 1075559 composite?
True
Is 1436915 prime?
False
Is 1361 composite?
False
Is 3821 prime?
True
Is 3067 a prime number?
True
Is 12661 prime?
False
Is 2731061 composite?
False
Is 211829 composite?
True
Is 1397 a composite number?
True
Is 30455 prime?
False
Is 733 composite?
False
Is 600097 composite?
True
Is 3109 a composite number?
False
Is 4907 a composite number?
True
Is 53471 a composite number?
True
Is 6614503 a prime number?
False
Is 284311 composite?
False
Is 209927 a prime number?
True
Is 19247 a composite number?
True
Is 239119 a prime number?
True
Is 1327811 prime?
False
Is 16787 a prime number?
True
Is 215051 prime?
True
Is 52511 a prime number?
True
Is 484301 a composite number?
False
Is 803 composite?
True
Is 573247 a composite number?
False
Is 14731 prime?
True
Is 1552195 composite?
True
Is 1084493 composite?
False
Is 18979 composite?
False
Is 296347 prime?
True
Is 1321883 composite?
True
Is 4813 a composite number?
False
Is 167987 a prime number?
True
Is 149473 composite?
True
Is 7639 a prime number?
True
Is 2147529 a prime number?
False
Is 48903 composite?
True
Is 329639 prime?
True
Is 6218 a composite number?
True
Is 26434 a composite number?
True
Is 5951 a prime number?
False
Is 19969 composite?
True
Is 5333 a prime number?
True
Is 8174563 prime?
True
Is 19121 a prime number?
True
Is 11038 composite?
True
Is 13751 prime?
True
Is 20849 prime?
True
Is 39821 a composite number?
False
Is 31867 composite?
True
Is 31799 a prime number?
True
Is 3691 prime?
True
Is 192271 prime?
True
Is 14971 composite?
True
Is 93643 composite?
True
Is 13885 composite?
True
Is 26823 a prime number?
False
Is 1397 a prime number?
False
Is 479 composite?
False
Is 74489 a composite number?
False
Is 1715309 a composite number?
False
Is 64761 composite?
True
Is 9523 a composite number?
True
Is 14855 prime?
False
Is 11465 a prime number?
False
Is 343409 a composite number?
True
Is 1169873 a composite number?
False
Is 18391 a prime number?
False
Is 2993 composite?
True
Is 164179 prime?
False
Is 64427 a composite number?
True
Is 24029 a composite number?
False
Is 50714 a prime number?
False
Is 39379 prime?
False
Is 261859 a prime number?
False
Is 389549 a prime number?
False
Is 125297 composite?
True
Is 879 prime?
False
Is 7817 a composite number?
False
Is 4421 a prime number?
True
Is 551093 prime?
True
Is 159785 prime?
False
Is 12373 composite?
False
Is 47041 prime?
True
Is 501283 composite?
True
Is 110017 a composite number?
False
Is 233509 prime?
True
Is 282661 prime?
True
Is 2317 composite?
True
Is 107313 composite?
True
Is 165629 prime?
False
Is 919 a prime number?
True
Is 135227 prime?
False
Is 62431 prime?
False
Is 238379 a composite number?
True
Is 287437 a composite number?
False
Is 111887 composite?
True
Is 179983 prime?
False
Is 3593 prime?
True
Is 7717 a composite number?
False
Is 300598 a prime number?
False
Is 31001 a composite number?
True
Is 125639 a composite number?
False
Is 36031 composite?
True
Is 166189 prime?
True
Is 186391 prime?
True
Is 27641 a composite number?
True
Is 745 a prime number?
False
Is 17597 a prime number?
True
Is 117497 composite?
False
Is 104905 composite?
True
Is 71869 composite?
True
Is 86813 prime?
True
Is 2633 a prime number?
True
Is 61961 a composite number?
False
Is 23419 a prime number?
False
Is 1411 prime?
False
Is 18113 composite?
True
Is 28201 a prime number?
True
Is 4421 composite?
False
Is 233043 a composite number?
True
Is 329549 a prime number?
False
Is 367699 a composite number?
False
Is 19559 prime?
True
Is 738373 a composite number?
False
Is 13463 composite?
False
Is 142403 a prime number?
True
Is 69779 composite?
False
Is 3508619 a composite number?
False
Is 440845 composite?
True
Is 1344685 a composite number?
True
Is 80843 a prime number?
False
Is 7291 composite?
True
Is 165257 a composite number?
True
Is 298407 a composite number?
True
Is 6779 a composite number?
False
Is 719 prime?
True
Is 3163 prime?
True
Is 104281 a composite number?
False
Is 280109 prime?
False
Is 224395 a prime number?
False
Is 9923 composite?
False
Is 17587 composite?
True
Is 12527 a prime number?
True
Is 25563 prime?
False
Is 51059 a composite number?
False
Is 14569 prime?
False
Is 15049 composite?
True
Is 10417 prime?
False
Is 2179 composite?
False
Is 149393 composite?
False
Is 40195 composite?
True
Is 374111 a composite number?
False
Is 210709 composite?
False
Is 13523 a prime number?
True
Is 142079 prime?
False
Is 55577 composite?
True
Is 3306169 a composite number?
False
Is 541 prime?
True
Is 859055 a prime number?
False
Is 68813 a composite number?
False
Is 4765 composite?
True
Is 104387 composite?
True
Is 2729 a prime number?
True
Is 368609 composite?
False
Is 155247 a composite number?
True
Is 30757 prime?
True
Is 5437 a prime number?
True
Is 4091 prime?
True
Is 1869757 a prime number?
True
Is 171931 composite?
True
Is 7507 a composite number?
False
Is 62753 composite?
False
Is 190243 composite?
False
Is 130069 a composite number?
False
Is 447401 a composite number?
False
Is 6857 a prime number?
True
Is 43049 a composite number?
False
Is 71083 a composite number?
True
Is 2333 a prime number?
True
Is 1007381 composite?
False
Is 131729 composite?
True
Is 20911 composite?
True
Is 2142383 a composite number?
True
Is 7639 a composite number?
False
Is 138463 a prime number?
False
Is 1442669 a prime number?
True
Is 7423 a composite number?
True
Is 96959 a composite number?
False
Is 3671 prime?
True
Is 8186 a composite number?
True
Is 6065 prime?
False
Is 8169229 a composite number?
False
Is 8791 prime?
False
Is 7829 composite?
False
Is 1057 prime?
False
Is 625265 a prime number?
False
Is 61909 a prime number?
True
Is 26443 prime?
False
Is 13829 a composite number?
False
Is 156781 a prime number?
True
Is 2973547 prime?
True
Is 289939 prime?
False
Is 1669 a prime number?
True
Is 9871 prime?
True
Is 6143 a prime number?
True
Is 49363 prime?
True
Is 1459421 a composite number?
False
Is 13259 prime?
True
Is 34211 a prime number?
True
Is 6429 composite?
True
Is 152617 prime?
True
Is 231571 composite?
False
Is 671501 prime?
True
Is 58559 prime?
False
Is 123053 a composite number?
True
Is 179857 prime?
False
Is 21467 composite?
False
Is 14941 prime?
False
Is 50221 a composite number?
False
Is 44947 a composite number?
True
Is 122237 composite?
True
Is 171919 a prime number?
False
Is 471095 a prime number?
False
Is 120203 prime?
False
Is 4729 a prime number?
True
Is 547913 a composite number?
True
Is 16837 a prime number?
False
Is 89849 prime?
True
Is 180647 a composite number?
False
Is 4561 composite?
False
Is 267637 a composite number?
False
Is 61511 composite?
False
Is 27611 prime?
True
Is 4637 prime?
True
Is 49003 prime?
True
Is 112397 prime?
True
Is 3702529 composite?
False
Is 28051 prime?
True
Is 306083 a composite number?
False
Is 797 prime?
True
Is 15734